3346329?
16
What is the remainder when 11973447 is divided by 367?
72
Calculate the remainder when 1502823 is divided by 3486.
357
What is the remainder when 1227113 is divided by 102259?
5
What is the remainder when 466094 is divided by 43?
17
What is the remainder when 35694 is divided by 2916?
702
What is the remainder when 227878092 is divided by 10?
2
Calculate the remainder when 51434 is divided by 3918.
500
What is the remainder when 42543457 is divided by 79?
61
What is the remainder when 13121123 is divided by 84?
71
What is the remainder when 53228 is divided by 6617?
292
What is the remainder when 5609685 is divided by 311648?
21
What is the remainder when 136674 is divided by 33703?
1862
What is the remainder when 92530 is divided by 2138?
596
Calculate the remainder when 12242 is divided by 2843.
870
Calculate the remainder when 1802248 is divided by 1802243.
5
What is the remainder when 52064686 is divided by 241?
10
Calculate the remainder when 34384810 is divided by 102.
100
What is the remainder when 2214364 is divided by 88574?
14
Calculate the remainder when 1195208 is divided by 71.
65
What is the remainder when 7440314 is divided by 26?
24
What is the remainder when 5956682 is divided by 24?
2
What is the remainder when 692214 is divided by 138196?
1234
What is the remainder when 610242 is divided by 304693?
856
What is the remainder when 105986573 is divided by 466?
465
What is the remainder when 411662 is divided by 411617?
45
Calculate the remainder when 845569 is divided by 63.
46
Calculate the remainder when 248275027 is divided by 3470.
3467
Calculate the remainder when 4295727 is divided by 4.
3
What is the remainder when 8382835 is divided by 4191396?
43
What is the remainder when 87657129 is divided by 830?
829
Calculate the remainder when 37621 is divided by 15036.
7549
What is the remainder when 776793 is divided by 258922?
27
Calculate the remainder when 426819 is divided by 11205.
1029
What is the remainder when 20940627 is divided by 100676?
19
What is the remainder when 205173 is divided by 102539?
95
Calculate the remainder when 1983114 is divided by 1247.
384
Calculate the remainder when 18404 is divided by 44.
12
Calculate the remainder when 378107 is divided by 389.
388
What is the remainder when 6959693 is divided by 3910?
3803
Calculate the remainder when 5225822 is divided by 2612911.
0
Calculate the remainder when 14531772 is divided by 333.
318
Calculate the remainder when 127754086 is divided by 42.
40
Calculate the remainder when 1327500 is divided by 341.
328
What is the remainder when 10370 is divided by 60?
50
Calculate the remainder when 10942317 is divided by 1270.
1267
What is the remainder when 716659 is divided by 39?
34
Calculate the remainder when 171932 is divided by 21447.
356
Calculate the remainder when 63784 is divided by 64.
40
Calculate the remainder when 9570544 is divided by 9570469.
75
What is the remainder when 1125343 is divided by 187541?
97
What is the remainder when 1872275 is divided by 56734?
53
What is the remainder when 523684 is divided by 16387?
15687
What is the remainder when 898474955 is divided by 12?
11
What is the remainder when 3448613 is divided by 535?
3
Calculate the remainder when 211818 is divided by 9209.
11
What is the remainder when 668550 is divided by 33427?
10
What is the remainder when 920956 is divided by 110?
36
What is the remainder when 34162751 is divided by 2342?
2339
Calculate the remainder when 148932989 is divided by 64.
61
What is the remainder when 53047 is divided by 1920?
1207
Calculate the remainder when 15873920 is divided by 423.
422
What is the remainder when 436132 is divided by 13629?
4
What is the remainder when 384172766 is divided by 297?
296
Calculate the remainder when 493346 is divided by 267.
197
Calculate the remainder when 1627983 is divided by 3700.
3683
What is the remainder when 5094595 is divided by 280?
275
What is the remainder when 139706 is divided by 268?
78
Calculate the remainder when 378943 is divided by 75754.
173
Calculate the remainder when 2763241 is divided by 416.
169
Calculate the remainder when 18947387 is divided by 121.
118
Calculate the remainder when 524576478 is divided by 2720.
2718
Calculate the remainder when 775925 is divided by 96955.
285
Calculate the remainder when 26740742 is divided by 218.
208
What is the remainder when 2354288 is divided by 1177108?
72
Calculate the remainder when 165725364 is divided by 37.
33
What is the remainder when 1843208 is divided by 460711?
364
What is the remainder when 455042519 is divided by 2910?
2909
What is the remainder when 49569 is divided by 41452?
8117
What is the remainder when 9273021 is divided by 3091005?
6
What is the remainder when 13840923 is divided by 692046?
3
What is the remainder when 6676 is divided by 1304?
156
Calculate the remainder when 224370 is divided by 74009.
2343
What is the remainder when 9329 is divided by 1847?
94
What is the remainder when 444163 is divided by 111012?
115
What is the remainder when 3220005 is divided by 268332?
21
What is the remainder when 36762021 is divided by 146?
97
What is the remainder when 1618380 is divided by 356?
4
Calculate the remainder when 126616 is divided by 62260.
2096
Calculate the remainder when 22860594 is divided by 191.
186
What is the remainder when 2212974 is divided by 1649?
16
What is the remainder when 100200 is divided by 716?
676
Calculate the remainder when 139046 is divided by 311.
29
What is the remainder when 35360213 is divided by 7072041?
8
What is the remainder when 606048197 is divided by 17?
16
Calculate the remainder when 1102746 is divided by 1102665.
81
What is the remainder when 157808 is divided by 3076?
932
What is the remainder when 278820 is divided by 1264?
740
What is the remainder when 835325 is divided by 40?
5
Calculate the remainder when 149484 is divided by 292.
272
Calculate the remainder when 698164 is divided by 2155.
2099
What is the remainder when 11921479 is divided by 4655?
24
What is the remainder when 24663248 is divided by 733?
730
What is the remainder when 214890 is divided by 13473?
12795
What is the remainder when 276580 is divided by 74?
42
What is the remainder when 338705 is divided by 33?
26
What is the remainder when 147252 is divided by 903?
63
Calculate the remainder when 3033154 is divided by 1835.
1734
Calculate the remainder when 315786 is divided by 11112.
4650
What is the remainder when 12331747 is divided by 148?
91
What is the remainder when 19474 is divided by 1696?
818
Calculate the remainder when 38336 is divided by 9574.
40
What is the remainder when 1127752 is divided by 233?
32
Calculate the remainder when 774829 is divided by 9424.
2061
Calculate the remainder when 95783 is divided by 3163.
893
Calculate the remainder when 1731482226 is divided by 92.
90
What is the remainder when 47105 is divided by 23543?
19
Calculate the remainder when 192776902 is divided by 24.
22
Calculate the remainder when 83987 is divided by 3439.
1451
Calculate the remainder when 196292 is divided by 98144.
4
Calculate the remainder when 9872198 is divided by 2611.
7
What is the remainder when 192888669 is divided by 96?
93
Calculate the remainder when 1550008 is divided by 696.
16
What is the remainder when 65921 is divided by 65866?
55
Calculate the remainder when 19807328 is divided by 3991.
3986
Calculate the remainder when 17837444 is divided by 39.
14
Calculate the remainder when 108249 is divided by 35649.
1302
What is the remainder when 141326735 is divided by 22?
11
Calculate the remainder when 861712 is divided by 192.
16
Calculate the remainder when 84283 is divided by 26065.
6088
Calculate the remainder when 30205 is divided by 29946.
259
Calculate the remainder when 183200353 is divided by 13.
11
What is the remainder when 289746 is divided by 48230?
366
Calculate the remainder when 34490 is divided by 1568.
1562
What is the remainder when 660353 is divided by 44002?
323
What is the remainder when 24873940 is divided by 329?
224
What is the remainder when 3169603 is divided by 11?
8
What is the remainder when 92220 is divided by 13172?
16
What is the remainder when 1580 is divided by 863?
717
What is the remainder when 4441